termine y(5).
24
Let u(q) = -12*q - 2. Give u(-3).
34
Let q(y) = y**3 + 15*y**2 + 2*y + 13. Calculate q(-15).
-17
Let d(w) = -w**3 - 3*w**2 + 5*w - 4. Give d(-5).
21
Let n(h) = -6*h + 12. Calculate n(-4).
36
Let m(t) = -t + 16. Give m(15).
1
Let d(l) = -22*l + 71. Give d(7).
-83
Let n(a) = a**3 - 8*a**2 - 2*a + 12. Calculate n(8).
-4
Let n(k) = 63*k**3 + k**2 + k + 1. What is n(-1)?
-62
Let r(s) = -s**3 - 46*s**2 + 3*s + 136. Calculate r(-46).
-2
Let a(y) = 7*y + 111. Calculate a(-11).
34
Let f(s) = -s**3 - 13*s**2 - 5*s - 30. What is f(-13)?
35
Let q(f) = -f**3 - 8*f**2 + 3*f + 10. Give q(-8).
-14
Let d(q) = q**3 + 19*q**2 - q - 11. Give d(-19).
8
Let t(w) = w + 3. Calculate t(8).
11
Let s(d) = -3*d + 41. Give s(8).
17
Let r(m) = -2*m + 18. What is r(13)?
-8
Let y(v) = v**2 + 29*v + 61. What is y(-26)?
-17
Let k(a) = 2*a + 4. Give k(3).
10
Let l(v) = -v**3 + 28*v**2 - 29*v + 63. Determine l(27).
9
Let s(g) = -2*g - 3. What is s(-2)?
1
Let p(u) = -3*u + 42. Determine p(16).
-6
Let v(f) = -f**2 + 12*f - 32. Give v(7).
3
Let l(a) = -a**3 + 5*a**2 + 9*a - 7. Calculate l(6).
11
Let z(g) = -6*g**2 + 3*g - 1. Give z(2).
-19
Let b(t) = -41*t + 284. Determine b(6).
38
Let j(l) = 10*l - 64. Calculate j(6).
-4
Let f(t) = -31*t**3 - 2*t - 1. Calculate f(-1).
32
Let t(n) = 30*n**2 + 1. What is t(-1)?
31
Let o(n) = 2*n**2 + n - 13. Calculate o(5).
42
Let j(h) = -h**2 + 26*h - 26. Calculate j(19).
107
Let o(r) = -3*r**2 + 3*r + 10. Calculate o(-4).
-50
Let s(o) = -41*o - 189. What is s(-5)?
16
Let t(n) = -n**3 - 10*n**2 - 22*n + 5. Determine t(-5).
-10
Let w(n) = -2*n**2 - 17*n - 25. Calculate w(-7).
-4
Let s(x) = -5*x**2 - 4*x - 5. Determine s(-2).
-17
Let i(c) = -c**3 - c**2 + 2*c - 1. Give i(-3).
11
Let w(g) = -g + 36. What is w(0)?
36
Let p(d) = 11*d - 64. Determine p(5).
-9
Let d(g) = -7*g + 13. Determine d(8).
-43
Let k(p) = p**3 - 7*p**2 - 5*p - 8. Calculate k(8).
16
Let u(s) = -8*s**2 + 25*s + 1. Calculate u(3).
4
Let g(u) = -u**2 + 7*u. Calculate g(9).
-18
Let b(o) = 6*o**2 - 2*o + 4. Determine b(2).
24
Let o(f) = 6*f + 48. Give o(-7).
6
Let u(f) = -f**2 + 13*f - 6. Calculate u(13).
-6
Let l(w) = -7*w + 7. Determine l(6).
-35
Let f(r) = -r**2 + 9*r + 2. Calculate f(10).
-8
Let y(p) = -5*p + 7. What is y(3)?
-8
Let c(w) = -w**3 + w + 1. What is c(2)?
-5
Let d(q) = -q**3 + 10*q**2 + 16*q - 3. Calculate d(11).
52
Let k(m) = -m**2 + 7*m - 6. Give k(6).
0
Let v(p) = p**3 - 28*p**2 - 26*p - 84. Give v(29).
3
Let z(l) = -3*l - 17. Calculate z(-5).
-2
Let u(m) = -m**3 - 5*m**2 + 4*m + 30. Calculate u(-5).
10
Let j(s) = -s**2 + 19*s + 6. Determine j(20).
-14
Let p(h) = -h**3 + 6*h**2 + h - 1. Determine p(6).
5
Let j(h) = -h**2 + 14*h - 3. Determine j(-5).
-98
Let y(o) = 3*o**2 - 22*o - 8. Calculate y(8).
8
Let s(o) = 4*o + 38. What is s(-9)?
2
Let x(d) = -2*d + 1. Determine x(-2).
5
Let d(w) = 15*w**3 + w**2 + w - 6. Determine d(2).
120
Let j(l) = 7*l. Determine j(-4).
-28
Let n(c) = -2*c + 3. Give n(3).
-3
Let p(q) = 2*q**3 + 15*q**2 + 7*q - 7. Give p(-7).
-7
Let f(a) = a**3 - 9*a**2 + 12*a - 3. Determine f(8).
29
Let l(q) = 2*q**2 - 5*q + 5. Determine l(3).
8
Let q(j) = -j**2 + 21*j - 23. Determine q(20).
-3
Let o(n) = n**2 - 9*n + 17. Determine o(7).
3
Let m(f) = -2*f**2 - 10*f - 15. Calculate m(-6).
-27
Let x(w) = -w**2 + 11*w - 38. Determine x(4).
-10
Let n(f) = -f**2 - 5*f - 7. Calculate n(-6).
-13
Let m(q) = 9*q - 8. Determine m(15).
127
Let w(q) = 31*q**3 - 3*q + 3. What is w(1)?
31
Let x(k) = 4*k**3 - k**2 - k + 1. What is x(1)?
3
Let l(v) = v**2 + 20*v - 35. What is l(-22)?
9
Let c(n) = -2*n**3 + 75*n**2 + 40*n - 61. Calculate c(38).
15
Let v(u) = u**3 - 7*u**2 - 22*u + 1. What is v(9)?
-35
Let p(y) = -7*y - 256. Give p(-37).
3
Let h(p) = 44*p**2 - 19*p + 5. Give h(2).
143
Let y(v) = v**3 - 17*v**2 - 8*v + 35. Give y(17).
-101
Let o(n) = -n**3 - 7*n**2 + 2*n - 3. Calculate o(-5).
-63
Let g(c) = 2*c**2 + 16*c + 8. Calculate g(-8).
8
Let q(a) = -60*a**2 + a. Give q(1).
-59
Let j(y) = y**3 - 7*y**2 - 5*y - 8. What is j(7)?
-43
Let f(x) = x**2 - 6*x - 31. Determine f(10).
9
Let a(j) = -j - 3. What is a(8)?
-11
Let p(v) = v**3 + 2*v**2 - 13*v - 17. Give p(-4).
3
Let c(y) = y**2 + 11*y - 21. Give c(-12).
-9
Let v(g) = 2*g - 5. Calculate v(15).
25
Let j(f) = 2*f - 24. Give j(13).
2
Let f(o) = -o**2 + 8*o - 2. Calculate f(5).
13
Let n(x) = x**3 + 2*x**2 - 11*x - 20. Give n(-4).
-8
Let o(s) = -s**2 - 10*s + 9. Calculate o(-11).
-2
Let r(t) = t**3 + 7*t**2 - 2*t - 18. Calculate r(-6).
30
Let q(a) = -2*a**2 + a. Give q(2).
-6
Let b(s) = -2*s**2 - 39*s - 50. Calculate b(-18).
4
Let s(p) = 7*p - 19. What is s(4)?
9
Let s(g) = -2*g**2 - 4*g + 36. Give s(-6).
-12
Let x(r) = r**3 - 12*r**2 - 12*r - 4. Calculate x(13).
9
Let i(x) = -x**3 + 3*x**2 + 5*x - 13. Determine i(3).
2
Let m(n) = n**3 + 4*n**2 - 6*n - 8. Calculate m(-6).
-44
Let f(j) = j**2 + 7*j + 20. Give f(-4).
8
Let m(g) = -g**3 - g**2 + 3*g + 17. Calculate m(0).
17
Let j(x) = -2*x + 2. What is j(4)?
-6
Let b(r) = r**2 + 15*r + 32. Determine b(-14).
18
Let n(v) = 2*v - 29. Calculate n(8).
-13
Let h(d) = -4*d + 66. What is h(19)?
-10
Let y(g) = g**3 - 8*g**2 - 11*g + 21. Give y(9).
3
Let j(g) = -g**2 - 10*g + 16. Determine j(-9).
25
Let n(y) = 50*y - 33. Calculate n(2).
67
Let o(u) = -u**3 + 11*u**2 - 9*u + 6. Give o(10).
16
Let l(j) = 13*j - 6. Determine l(0).
-6
Let h(w) = w**2 + 11*w + 3. Give h(-10).
-7
Let h(l) = -l**3 - l**2 + 7*l - 3. Calculate h(0).
-3
Let k(b) = 3*b**2 + 53*b + 82. What is k(-16)?
2
Let g(d) = 3*d**3 - 4*d**2 + 5*d - 5. What is g(2)?
13
Let i(p) = 2*p + 8. What is i(-3)?
2
Let d(w) = w**3 + 6*w**2 + 15*w + 41. Give d(-5).
-9
Let r(j) = j**3 + 36*j**2 + 70*j + 70. Calculate r(-34).
2
Let g(z) = z**2 + 13*z + 16. Give g(-7).
-26
Let c(r) = 26*r - 5. Calculate c(-1).
-31
Let s(m) = -m**3 + m**2 + 5*m - 9. What is s(3)?
-12
Let o(g) = 3*g + 31. Calculate o(-13).
-8
Let u(t) = t**2 - 9*t + 15. Calculate u(6).
-3
Let a(w) = 8*w + 3. What is a(7)?
59
Let b(o) = o**3 + 26*o**2 + 118*o + 8. Calculate b(-6).
20
Let u(g) = -24*g - 32. Calculate u(-2).
16
Let g(q) = -8*q - 26. Calculate g(0).
-26
Let g(f) = f**3 + 20*f**2 - 3*f - 45. Give g(-20).
15
Let i(y) = -9*y**2 - 5*y - 5. Calculate i(-2).
-31
Let v(z) = -z**3 + 2*z + 2. Give v(-2).
6
Let f(z) = z + 12. Give f(-3).
9
Let z(l) = 6*l**2 + 12*l - 3. What is z(-2)?
-3
Let t(y) = y + 7. Determine t(-15).
-8
Let z(a) = 5*a**3 + 2*a**2 - 4*a + 3. Give z(1).
6
Let a(p) = 4*p + 11. What is a(-2)?
3
Let c(y) = -y**2 - 5. Determine c(0).
-5
Let q(k) = -5*k**3 + 2*k**2 + 8*k + 13. Calculate q(-2).
45
Let f(v) = v + 21. What is f(13)?
34
Let q(w) = w**2 - 15. Calculate q(-3).
-6
Let c(n) = -14*n - 1. What is c(-1)?
13
Let d(m) = m**3 + 3*m**2 + 2*m + 3. Calculate d(-2).
3
Let l(f) = -f - 5. Determine l(-12).
7
Let g(f) = f**2 + 21*f + 27. Determine g(-20).
7
Let p(z) = 3*z**3 - z**2 + z - 1. Give p(2).
21
Let r(c) = -c**3 + 10*c**2 - 18*c + 9. What is r(8)?
-7
Let i(s) = 30*s - 1. Determine i(-1).
-31
Let a(c) = -7*c + 86. Calculate a(13).
-5
Let h(r) = r + 4. What is h(-2)?
2
Let u(x) = -x**3 + 4*x**2. Give u(4).
0
Let l(z) = 9*z - 22. Give l(3).
5
Let f(x) = -11*x + 413. Calculate f(37).
6
Let x(k) = -k**2 - 23*k + 8. What is x(-23)?
8
Let r(a) = 48*a**2 + 196*a + 6. What is r(-4)?
-10
Let a(w) = 55*w**2 + w - 1. Give a(1).
55
Let z(w) = w**3 - 16*w**2 + 19*w - 13. What is z(15)?
47
Let x(r) = 4*r - 7. Determine x(7).
21
Let k(n) = -n**2 + 25*n + 77. Calculate k(-3).
-7
Let b(y) = y**3 - 17*y**2 - y. Calculate b(17).
-17
Let a(s) = s - 6. Calculate a(8).
2
Let x(u) = -6*u - 3. Give x(-3).
15
Let u(k) = -19*k - 8. Determine u(4).
-84
Let c(h) = h - 12. Determine c(7).
-5
Let m(b) = -b**3 + 7*b**2 - 18*b + 18. Calculate m(3).
0
Let w(z) = 5*z - 201. Determine w(36).
-21
Let l(x) = x**2 - 6*x + 9. Give l(3).
0
Let m(u) = -27*u + 7. Give m(1).
-20
Let g(n) = n - 5. Calculate g(6).
1
Let o(f) = 5*f - 17. What is o(-3)?
-32
Let u(m) = m**3 - 11*m**2 + m - 11. Calculate u(11).
0
Let x(y) = 32*y + 130. What is x(-5)?
-30
Let m(v) = 7*v + 31. What is m(16)?
143
Let f(c) = c**2 + 25*c + 26. What is f(-24)?
2
Let i(p) = -7*p + 5. What is i(1)?
-2
Let y(o) = o**2 - 2*o - 10. Determine y(4).
-2
Let v(s) = -s**3 + 12*s**2 - 8*s - 29. Determine v(11).
4
L